 + -46).
-39
What is the value of (-16 - -10 - -15) + (-42 - (-5 - 22))?
-6
Evaluate -39 - -3 - (-168 - -153) - (13 - 0).
-34
27 + 27 + -3 + 16 + -8
59
What is 9 - (5 - 1) - 29 - (-24 - (-20 + 6))?
-14
What is the value of -52 - ((162 - 133) + -166)?
85
What is 67 - (6 - (5 + -6 - -7) - (17 + -17))?
67
What is -69 + 14 - 3 - (-3 + -16)?
-39
What is -22 + (-15 - (4 + 23 + -4))?
-60
(4 - (4 - -19)) + -183 + 187
-15
Evaluate -227 + 321 + (-4 - 61).
29
Calculate (-57 - -21) + -7 + (-7 - -13).
-37
What is -6 + (72 - 84) - 34?
-52
Evaluate (873 - 829) + -45 + 1.
0
Calculate -42 - (-87 + -3) - 66.
-18
-1 + -20 + (-76 - (-107 - -50))
-40
What is 1 - 63 - ((-1 + 7 - 4) + 0 + -12)?
-52
Calculate -64 + (0 - 3) + (-14 + 4 + -15 - -34).
-58
Calculate -65 - ((-24 - 12) + -3).
-26
Evaluate 1 - (7 - -3 - (2 - 8)).
-15
What is (-88 - -17) + (-3 + 0 - (13 + -23) - 1)?
-65
Evaluate 12 - (137 + 38 + -76).
-87
Evaluate -83 + 50 + 7 + 34.
8
What is 16 + -23 + 46 + -12?
27
Calculate 2 - (-19 + 13 + 49).
-41
What is the value of 27 + (-19 - (36 + -22)) - (-64 - 9)?
67
Evaluate -37 + 6 + (-138 - -190).
21
-8 + -58 + (-14 - -28)
-52
-22 - ((15 - 18 - -8) + -16)
-11
What is the value of -75 - (31 - (-58 + 155))?
-9
Evaluate 3 + (-21 - (-14 - (-2 + -2 - 23))).
-31
What is the value of 0 + (-15 + 4 - 2) - 0 - -16 - 10?
-7
What is 25 + -2 + -783 + 762?
2
Calculate (-4 - 2) + -1 - (80 - (-51 + 74)).
-64
What is the value of 14 + 40 + (-2 - 12) + 1?
41
-5 + -1 + (-53 - 4) + (1317 - 1317)
-63
What is the value of 38 + -166 + -6 + 94?
-40
Evaluate 12 - (-2 + -8 + 6 - (27 - -42)).
85
Calculate (-83 - (2 + -4)) + 3 + (7 - (7 - -12)).
-90
Evaluate -8 + 79 - -7 - ((15 - 33) + 24).
72
Evaluate -10 + (-5 - -2 - -58 - -21).
66
What is -74 - ((17 - -10) + (67 - 92))?
-76
Calculate 15 - (4 - (18 - 55)).
-26
Calculate 2 + (2 - 18) - (-3 - (-11 + 1)).
-21
Calculate 22 + (28 - 18 - 41) - 9.
-18
Evaluate 7 - ((-2 - -2) + 4) - (2 - (9 + 23)).
33
83 + (-8 + 2 + (-4 - -21) + -13 - -9)
90
What is 66 + (-37 - (-14 - 9 - -2))?
50
Calculate (257 - 212) + -174 + 20.
-109
What is the value of (8 - 7) + -5 + 6 + -11 + 35?
26
Evaluate (1 + 23 - (599 + -587) - -4) + -91.
-75
What is -2 + 0 + 49 + -1 - (4960 - 4961)?
47
What is -79 + -35 + 44 - -41 - -83?
54
182 - (66 + 40 + 3)
73
What is (25 - (45 + 22)) + 10 - (1 - 9) - -1?
-23
-7 + -3 + 29 - (15 + -2 + -12)
18
What is (0 + 4 + (-1 - 4) - 1) + (-154 - -103)?
-53
1945 + -1906 - (37 + 1)
1
What is the value of (-5 - -77) + -3 + 2 - (-18 + (-1 - -6))?
84
21 - (-1 + 2) - (20609 + -20604)
15
What is 30 - 3 - ((91 - 81) + (7 - (0 - -21)))?
31
Evaluate 31 + (30 + (-15 - 4) + -19 + 3 - -15).
41
Calculate -5 + 9 + -13 - (-5 - (-22 + (0 - -11))).
-15
Calculate 64 - (((-18 - -7) + 9 - (7 + -18)) + -7).
62
What is 12 + 31 + (-8 - (-6 - -22))?
19
Calculate -5 + 20 + -7 + (10 - 20).
-2
What is 11 + (-17 - ((18 - 7) + -22))?
5
-32 + -11 + 22 - (-9 - -2)
-14
Calculate -4 + 3 - (25 + 9 + -11).
-24
Evaluate (-36 - -27 - 1 - -86) + -28.
48
2 + -9 + -1 - ((40 - 36) + 26 - 33)
-5
Evaluate 4 + 26 - (-2 + 20 + -15).
27
What is the value of 1 + (40 - 2) + (-401 - -384)?
22
36 + -2 - (-38 - 48 - -152)
-32
What is 17 - (-97 + 44) - 34?
36
Calculate -10 - (-23 + 9 - (-13 - (3 - 4))).
-8
Evaluate -35 + 87 + (34 - 84).
2
Evaluate (5 - 9) + 4 + (-8 - 4) + 6 + 8.
2
What is the value of 7 - 0 - ((-6 - (-10 - (11 + -19))) + -72)?
83
5 + -27 - (-15 + -7 + 5) - 16
-21
Evaluate 105 - 113 - 33 - -85.
44
Evaluate -16 + 2 + (43 - (20 - (-10 + 12))).
11
Calculate 72 - 7 - 69 - (-65 - -2).
59
Evaluate -11 + (-25 - (-21 - 21)) - ((-78 - 2) + 0).
86
What is the value of -36 + 11 + 13 + (-14 - 7) + 1?
-32
What is -21 + -51 + -131 + 109?
-94
(317 + -308 + 0 + -1 + -1 - 10) + 28
25
What is -1 - 2 - (-31 - (-8 + 36 + -28))?
28
-29 - 24 - ((-2 - 5) + (12 - (5 - -7)))
-46
Calculate 3 - (-22 + -10 + 43 + 1).
-9
What is the value of 0 - (-237 + 195 + (-2 - (2 - -8)))?
54
What is (-3 - -6) + 4 + (-20 - (-2 + 36 + -75))?
28
Calculate 5 + -5 + 8 + (-7 - 7 - -16).
10
What is the value of (-96 - -42) + -10 + -15?
-79
What is 145 + (5 + -14 - 7) + (-15 - (17 + -46))?
143
Evaluate 17 - -16 - (-32 - -1) - (-19 - -1).
82
What is the value of 2 + 1 - (-6038 - -6153)?
-112
-39 - ((-8 - -8) + -19)
-20
What is the value of (39 - 26) + -39 - (2 - (7 - -2))?
-19
Calculate 45 - (7 - (-10 - (-21 - -15))).
34
Calculate (4 + -4 - -13) + (-12 + 25 - 4).
22
Calculate (0 - 114) + 68 + -9 + -22.
-77
639 + -549 + (-1 - 48)
41
(45 - -64) + (47 - 98)
58
Calculate 1 - (7 + -7 - 5 - -1) - (-428 + 388).
45
What is the value of -2 + 21 + 2 + (56 + -59 - -76)?
94
Evaluate (79 - 77) + 17 + 9 + -1.
27
Evaluate (-1 - -5) + -44 + -52 + (17 - -31).
-44
What is the value of (-1 - 39) + -1122 + 1158 + (0 - 80)?
-84
Calculate 5 - 61 - (374 - 398).
-32
(125 + -105 - 89) + (18 - 1)
-52
Calculate 121 + -60 + (-3 + 3 - (4 + 4)).
53
Evaluate -1177 + 1177 - (0 + -2 + (4 - 76)).
74
8 - ((3 - -11) + (-3 - (-17 - -26)))
6
Calculate 36 + -68 + 103 + -77.
-6
(-48 - 42) + 1 + 1 + -5 + 27 + -12
-78
What is the value of 1 + -41 - (982 + -1053) - -54?
85
Evaluate -12 - (6 - 8 - -7 - 6) - 10.
-21
Evaluate (624 - 678) + (-7 - 14).
-75
Calculate -1 + 3 - (29 + -14 - -20) - 4.
-37
Evaluate (-38 - (-7 - 3)) + ((3 - -1) + 3 - -3).
-18
Evaluate 1 + 2 + (-2 - -3) + -5 + (781 - 761).
19
What is 0 + 8 + -8 - (11 - (27 + -12))?
4
Evaluate 49 + (-139 - -38) - -1.
-51
What is the value of (-88 - -190 - 114) + -42 + 1?
-53
-47 + 2 + (-17 - -21) + (-5 - 10)
-56
Calculate (12 - -69) + -90 - (42 - -2).
-53
What is the value of 1 - 2 - 0 - (-123 - (-204 + 111))?
29
Calculate (-13 - -29 - 10) + 62 - ((0 - 5) + 13).
60
What is the value of (-39 - -31) + (5 - (-5 - (-7 - -4))) - 52?
-53
(-3 - (9 - 7)) + 78 + -82 + 18
9
Calculate -564 + 458 + 35 + 0.
-71
Calculate -10 - (16 + 97 - 32 - 32).
-59
-22 - 55 - -33 - (-10 - 9)
-25
What is the value of -2 + 0 + 1 + -120 + 238 + -324 + 95?
-112
What is (2 - 0 - (-15 + 5)) + (-365 - -376)?
23
What is the value of 7 + (-11 - 5) - (5 + (-6 - -6) - -48)?
-62
Evaluate (-111 - -75) + -15 + 16 + -20.
-55
What is 778 + -763 + -2 + 0 + 92?
105
What is the value of (-14 - -37) + -47 + 15 - -19?
10
What is 31 - (-13 - (48 + -55))?
37
13909 + -14036 - (-268 + -1)
142
-23 - (-25 + 114) - ((4 - 3) + -16)
-97
What is -13 - -1 - (1 + (0 + 11 - 10) + -92)?
78
What is -2 - (77 + -44 + -77)?
42
Calculate 45 + (56 - (29 - -96)) - (1 + -4).
-21
Evaluate -61 + 2 - -5 - (101 + -108).
-47
-11 - (-15 - -48) - (-16 + 64)
-92
-4 + (-2 + -7 - (-6 + (31 - -20)))
-58
1 - 56 - ((-4 + -2 + -1 - -19) + -16)
-51
What is (54 - 74 - 21) + -13?
-54
What is 22 - 39 - (884 - 862)?
-39
What is the value of -9326 + 9554 + (-146 - 0)?
82
Calculate -306 + 271 + 12 + 15 + -6.
-14
Calculate (-22 - (-26 + (13 - (3 - 1)))) + 17.
10
What is the value of 37 + (-12 + 57 - 76)?
6
Evaluate 1 - 12 - (-177 + 172 + (37 - (-1 - -4))).
-40
What is -11 + (3 - 4) + (83 - (-6 + -20 + 48))?
49
What is (30 - -18 - 112) + 34?
-30
Calculate -1 + 54 + 2 + 15 + (-11 - -11) + -19.
51
Calculate 57 + 37 + -72 - (9 - (-5 - 2)).
6
What is the value of (-17 + 4 + 4 - -77 - (3 + -13)) + -7?
71
What is the value of (-49 - -10) + 43 + 10?
14
Calculate 13 + 25 + (-3 - (-1 - 8)) - 9.
35
Evaluate 21 + (-22 + -14 + -36 - -39).
-12
(3 - 41) + (329 - 322)
-31
What is (-6 - (-34 - -11) - 17) + 114 + -19?
95
What is the value of 0 - 3 - ((4 - (53 - 19)) + (2 - 4))?
29
What is 1 - -48 - (-1659 + 1704) - (0 - -4)?
0
-16 - -8 - (-620 + 594)
18
Calculate (6 + -16 - (49 - 51)) + -73.
-81
Calculate 6762 - 6901 - (0 + -72).
-67
-1 + -24 + (24 - -9) + -5 + -16
-13
(37 - 52 - -43 - 15) + (0 - -50)
63
Evaluate (6 + -6 - (-59 - (15 - 30))) + -4.
40
Calculate (41 - 46 - 32) + (7 - 23).
-53
What is the value of 21 + -16 - 21 - -24 - (73 - 2)?
-63
Evaluate 26 + 0 - (-164 + (-93 - -377)).
-94
What is (0 - 54) + (-161 - (-266 - -107))?
-56
Evaluate (-63 - (3 + -1)) + 2 + -2465 + 2468 - -3.
-57
Evaluate (1 - -9) + (-46 - 27).
-63
Evaluate -10 + 2 + -8 + -23 + 39 - 81.
-81
Calculate (9 - (-17 - -3)) + -114 - -23.
-68
What is the value of -29 + 128 + 22 + (25 - 8)?
138
(-3 - 57) + 128 - 144
-76
What is the value of (2 - 5) + 0 - -1 - (2289 - 2277)?
-14
(-2 - -8) + -284 + 328 + -3
47
What is the value of 4 - -1 - 7 - (-54 + (12 